2533?
3
What is the units digit of 416555?
5
What is the hundred thousands digit of 8071848?
0
What is the tens digit of 26215671?
7
What is the thousands digit of 166344?
6
What is the hundred thousands digit of 4667039?
6
What is the millions digit of 8605010?
8
What is the hundreds digit of 897767?
7
What is the hundreds digit of 1543324?
3
What is the tens digit of 5150614?
1
What is the millions digit of 1810848?
1
What is the ten thousands digit of 292729?
9
What is the hundred thousands digit of 3796420?
7
What is the ten thousands digit of 7709025?
0
What is the thousands digit of 4536881?
6
What is the millions digit of 1725564?
1
What is the tens digit of 22904033?
3
What is the ten thousands digit of 1119087?
1
What is the tens digit of 23762?
6
What is the tens digit of 867093?
9
What is the units digit of 785381?
1
What is the hundred thousands digit of 8294555?
2
What is the hundred thousands digit of 1480599?
4
What is the units digit of 14954323?
3
What is the ten thousands digit of 78602?
7
What is the hundred thousands digit of 120377?
1
What is the tens digit of 14229284?
8
What is the tens digit of 1969265?
6
What is the thousands digit of 6074329?
4
What is the hundred thousands digit of 2172933?
1
What is the hundreds digit of 356004?
0
What is the tens digit of 20360503?
0
What is the hundreds digit of 19018210?
2
What is the hundred thousands digit of 727711?
7
What is the units digit of 240930?
0
What is the hundred thousands digit of 1757616?
7
What is the hundred thousands digit of 1072886?
0
What is the tens digit of 67349?
4
What is the thousands digit of 1136491?
6
What is the thousands digit of 80022?
0
What is the hundreds digit of 4348854?
8
What is the ten thousands digit of 140456?
4
What is the millions digit of 1615528?
1
What is the hundreds digit of 2008819?
8
What is the millions digit of 13928699?
3
What is the tens digit of 7953531?
3
What is the units digit of 4821122?
2
What is the tens digit of 138479?
7
What is the thousands digit of 92281?
2
What is the thousands digit of 810412?
0
What is the units digit of 4145013?
3
What is the units digit of 241956?
6
What is the hundreds digit of 55604?
6
What is the hundred thousands digit of 3104066?
1
What is the thousands digit of 2192852?
2
What is the units digit of 1362974?
4
What is the thousands digit of 90891?
0
What is the thousands digit of 6926679?
6
What is the thousands digit of 6923415?
3
What is the hundreds digit of 29987?
9
What is the ten thousands digit of 24115527?
1
What is the ten thousands digit of 5143931?
4
What is the units digit of 650245?
5
What is the units digit of 11122180?
0
What is the tens digit of 157861?
6
What is the tens digit of 177404?
0
What is the ten thousands digit of 148089?
4
What is the tens digit of 6748717?
1
What is the tens digit of 5657353?
5
What is the hundreds digit of 2933815?
8
What is the thousands digit of 115441?
5
What is the hundreds digit of 195060?
0
What is the ten millions digit of 15003415?
1
What is the hundreds digit of 5513970?
9
What is the millions digit of 4026042?
4
What is the hundred thousands digit of 1299586?
2
What is the hundreds digit of 1236166?
1
What is the hundred thousands digit of 253367?
2
What is the hundreds digit of 500747?
7
What is the units digit of 1167987?
7
What is the hundreds digit of 391012?
0
What is the millions digit of 16564506?
6
What is the thousands digit of 1412403?
2
What is the ten thousands digit of 105637?
0
What is the units digit of 277738?
8
What is the hundred thousands digit of 7187899?
1
What is the thousands digit of 2319623?
9
What is the ten thousands digit of 336199?
3
What is the units digit of 18575?
5
What is the ten thousands digit of 60919?
6
What is the hundred thousands digit of 294673?
2
What is the ten thousands digit of 3176114?
7
What is the ten thousands digit of 617907?
1
What is the hundred thousands digit of 410910?
4
What is the hundred thousands digit of 166717?
1
What is the hundred thousands digit of 15255142?
2
What is the hundred thousands digit of 110299?
1
What is the hundreds digit of 233821?
8
What is the ten thousands digit of 579771?
7
What is the tens digit of 545082?
8
What is the units digit of 16337238?
8
What is the thousands digit of 3914498?
4
What is the millions digit of 9488132?
9
What is the thousands digit of 3081441?
1
What is the hundred thousands digit of 177518?
1
What is the hundred thousands digit of 16970064?
9
What is the units digit of 434412?
2
What is the hundreds digit of 6195220?
2
What is the tens digit of 2046312?
1
What is the hundred thousands digit of 1065970?
0
What is the units digit of 392979?
9
What is the hundreds digit of 58847?
8
What is the hundreds digit of 7881539?
5
What is the hundred thousands digit of 4202570?
2
What is the hundreds digit of 2480311?
3
What is the units digit of 1443511?
1
What is the hundreds digit of 12039594?
5
What is the units digit of 669821?
1
What is the hundreds digit of 1467934?
9
What is the hundreds digit of 32358?
3
What is the tens digit of 290699?
9
What is the units digit of 572276?
6
What is the hundreds digit of 413782?
7
What is the millions digit of 3425063?
3
What is the hundred thousands digit of 4588735?
5
What is the thousands digit of 101479?
1
What is the millions digit of 5154222?
5
What is the tens digit of 9115847?
4
What is the ten thousands digit of 628075?
2
What is the units digit of 7385656?
6
What is the units digit of 301529?
9
What is the units digit of 148142?
2
What is the hundred thousands digit of 231395?
2
What is the hundreds digit of 19921736?
7
What is the tens digit of 4193542?
4
What is the hundreds digit of 1449276?
2
What is the ten thousands digit of 2866918?
6
What is the hundred thousands digit of 203609?
2
What is the thousands digit of 45971?
5
What is the ten thousands digit of 480379?
8
What is the tens digit of 1396207?
0
What is the ten thousands digit of 3163135?
6
What is the tens digit of 206644?
4
What is the thousands digit of 2722925?
2
What is the units digit of 4044873?
3
What is the units digit of 279393?
3
What is the hundreds digit of 41613?
6
What is the thousands digit of 286849?
6
What is the tens digit of 650467?
6
What is the thousands digit of 304420?
4
What is the ten thousands digit of 783351?
8
What is the units digit of 967958?
8
What is the thousands digit of 154232?
4
What is the units digit of 5538825?
5
What is the hundreds digit of 839652?
6
What is the units digit of 1079955?
5
What is the hundreds digit of 230955?
9
What is the units digit of 464462?
2
What is the units digit of 582674?
4
What is the tens digit of 8994611?
1
What is the hundreds digit of 35201302?
3
What is the ten thousands digit of 144029?
4
What is the hundreds digit of 9518465?
4
What is the hundreds digit of 18147449?
4
What is the tens digit of 6314226?
2
What is the hundred thousands digit of 1057742?
0
What is the units digit of 11781666?
6
What is the millions digit of 13639257?
3
What is the millions digit of 2150814?
2
What is the hundreds digit of 162432?
4
What is the hundreds digit of 1958305?
3
What is the ten thousands digit of 4120259?
2
What is the hundred thousands digit of 4658875?
6
What is the hundreds digit of 4015009?
0
What is the hundreds digit of 10630510?
5
What is the hundreds digit of 194925?
9
What is the units digit of 1524077?
7
What is the hundreds digit of 128076?
0
What is the thousands digit of 254210?
4
What is the tens digit of 545830?
3
What is the tens digit of 8656415?
1
What is the ten thousands digit of 3605266?
0
What is the ten millions digit of 40483771?
4
What is the hundreds digit of 3037677?
6
What is the tens digit of 492372?
7
What is the hundreds digit of 77512?
5
What is the ten thousands digit of 29249?
2
What is the ten millions digit of 17981035?
1
What is the ten millions digit of 11330905?
1
What is the units digit of 349540?
0
What is the hundred thousands digit of 1443779?
4
What is the thousands digit of 2781951?
1
What is the tens digit of 403842?
4
What is the hundred thousands digit of 414713?
4
What is the hundreds digit of 51144?
1
What is the ten thousands digit of 241475?
4
What is the ten thousands digit of 388109?
8
What is t